at is the remainder when 308 is divided by 39?
35
What is the remainder when 378 is divided by 201?
177
What is the remainder when 327 is divided by 222?
105
What is the remainder when 404 is divided by 16?
4
What is the remainder when 1134 is divided by 188?
6
What is the remainder when 63 is divided by 5?
3
What is the remainder when 8900 is divided by 2223?
8
Calculate the remainder when 472 is divided by 75.
22
Calculate the remainder when 2829 is divided by 2794.
35
What is the remainder when 241 is divided by 137?
104
What is the remainder when 1724 is divided by 25?
24
What is the remainder when 349 is divided by 159?
31
What is the remainder when 101 is divided by 5?
1
Calculate the remainder when 475 is divided by 94.
5
What is the remainder when 88 is divided by 34?
20
What is the remainder when 635 is divided by 49?
47
What is the remainder when 396 is divided by 16?
12
What is the remainder when 222 is divided by 76?
70
Calculate the remainder when 764 is divided by 15.
14
Calculate the remainder when 1794 is divided by 1775.
19
Calculate the remainder when 17 is divided by 5.
2
Calculate the remainder when 181 is divided by 93.
88
Calculate the remainder when 13479 is divided by 9.
6
Calculate the remainder when 535 is divided by 152.
79
Calculate the remainder when 2107 is divided by 1028.
51
Calculate the remainder when 1168 is divided by 78.
76
What is the remainder when 56 is divided by 24?
8
What is the remainder when 593 is divided by 119?
117
Calculate the remainder when 2951 is divided by 36.
35
What is the remainder when 176 is divided by 39?
20
Calculate the remainder when 319 is divided by 108.
103
What is the remainder when 16651 is divided by 181?
180
Calculate the remainder when 169 is divided by 55.
4
Calculate the remainder when 1335 is divided by 22.
15
What is the remainder when 198 is divided by 32?
6
Calculate the remainder when 1636 is divided by 18.
16
Calculate the remainder when 171 is divided by 87.
84
Calculate the remainder when 219 is divided by 20.
19
Calculate the remainder when 1185 is divided by 118.
5
Calculate the remainder when 23 is divided by 15.
8
What is the remainder when 26 is divided by 13?
0
What is the remainder when 73 is divided by 19?
16
Calculate the remainder when 39345 is divided by 49.
47
Calculate the remainder when 103 is divided by 8.
7
What is the remainder when 2071 is divided by 2067?
4
Calculate the remainder when 132 is divided by 20.
12
What is the remainder when 371 is divided by 107?
50
What is the remainder when 620 is divided by 23?
22
What is the remainder when 1686 is divided by 146?
80
What is the remainder when 196 is divided by 103?
93
What is the remainder when 193 is divided by 49?
46
What is the remainder when 2894 is divided by 15?
14
What is the remainder when 4019 is divided by 64?
51
What is the remainder when 1215 is divided by 79?
30
What is the remainder when 1307 is divided by 23?
19
What is the remainder when 41 is divided by 34?
7
Calculate the remainder when 494 is divided by 162.
8
Calculate the remainder when 423 is divided by 144.
135
What is the remainder when 3060 is divided by 219?
213
Calculate the remainder when 374 is divided by 347.
27
Calculate the remainder when 672 is divided by 25.
22
What is the remainder when 848 is divided by 19?
12
Calculate the remainder when 10821 is divided by 44.
41
Calculate the remainder when 1311 is divided by 91.
37
Calculate the remainder when 130 is divided by 33.
31
What is the remainder when 402 is divided by 53?
31
Calculate the remainder when 299 is divided by 20.
19
Calculate the remainder when 563 is divided by 21.
17
What is the remainder when 1862 is divided by 85?
77
Calculate the remainder when 6383 is divided by 28.
27
Calculate the remainder when 1518 is divided by 16.
14
What is the remainder when 20 is divided by 7?
6
What is the remainder when 289 is divided by 261?
28
What is the remainder when 945 is divided by 902?
43
What is the remainder when 65 is divided by 18?
11
Calculate the remainder when 19 is divided by 6.
1
What is the remainder when 295 is divided by 73?
3
Calculate the remainder when 28 is divided by 9.
1
Calculate the remainder when 65 is divided by 28.
9
What is the remainder when 72 is divided by 15?
12
What is the remainder when 131 is divided by 45?
41
Calculate the remainder when 1605 is divided by 1597.
8
Calculate the remainder when 189 is divided by 8.
5
What is the remainder when 321 is divided by 14?
13
Calculate the remainder when 189 is divided by 77.
35
Calculate the remainder when 25 is divided by 3.
1
Calculate the remainder when 1019 is divided by 7.
4
Calculate the remainder when 1817 is divided by 70.
67
Calculate the remainder when 94 is divided by 4.
2
Calculate the remainder when 1574 is divided by 123.
98
What is the remainder when 2396 is divided by 49?
44
Calculate the remainder when 27 is divided by 4.
3
Calculate the remainder when 109 is divided by 24.
13
Calculate the remainder when 19277 is divided by 20.
17
What is the remainder when 1555 is divided by 259?
1
Calculate the remainder when 758 is divided by 69.
68
Calculate the remainder when 186 is divided by 60.
6
Calculate the remainder when 2169 is divided by 10.
9
Calculate the remainder when 453 is divided by 63.
12
Calculate the remainder when 59 is divided by 18.
5
What is the remainder when 7977 is divided by 7?
4
What is the remainder when 243 is divided by 63?
54
What is the remainder when 1217 is divided by 27?
2
What is the remainder when 8475 is divided by 54?
51
What is the remainder when 142 is divided by 12?
10
What is the remainder when 607 is divided by 32?
31
Calculate the remainder when 78 is divided by 27.
24
Calculate the remainder when 3210 is divided by 790.
50
What is the remainder when 214 is divided by 24?
22
What is the remainder when 20 is divided by 5?
0
Calculate the remainder when 118 is divided by 22.
8
Calculate the remainder when 4387 is divided by 1095.
7
Calculate the remainder when 394 is divided by 67.
59
Calculate the remainder when 2445 is divided by 511.
401
Calculate the remainder when 231 is divided by 66.
33
Calculate the remainder when 5513 is divided by 14.
11
What is the remainder when 657 is divided by 232?
193
Calculate the remainder when 674 is divided by 122.
64
What is the remainder when 2751 is divided by 145?
141
What is the remainder when 202 is divided by 21?
13
Calculate the remainder when 13 is divided by 8.
5
Calculate the remainder when 9609 is divided by 178.
175
What is the remainder when 852 is divided by 282?
6
Calculate the remainder when 130 is divided by 44.
42
What is the remainder when 19 is divided by 6?
1
Calculate the remainder when 2101 is divided by 124.
117
What is the remainder when 109 is divided by 6?
1
Calculate the remainder when 657 is divided by 33.
30
What is the remainder when 90 is divided by 5?
0
Calculate the remainder when 174 is divided by 15.
9
What is the remainder when 126 is divided by 76?
50
Calculate the remainder when 587 is divided by 98.
97
What is the remainder when 191 is divided by 56?
23
Calculate the remainder when 391 is divided by 22.
17
Calculate the remainder when 68 is divided by 38.
30
Calculate the remainder when 689 is divided by 63.
59
What is the remainder when 234 is divided by 125?
109
What is the remainder when 5654 is divided by 10?
4
Calculate the remainder when 35 is divided by 2.
1
What is the remainder when 836 is divided by 24?
20
What is the remainder when 47 is divided by 6?
5
Calculate the remainder when 134 is divided by 70.
64
Calculate the remainder when 50 is divided by 22.
6
Calculate the remainder when 138 is divided by 31.
14
Calculate the remainder when 1602 is divided by 146.
142
What is the remainder when 141 is divided by 24?
21
What is the remainder when 1126 is divided by 47?
45
Calculate the remainder when 95 is divided by 36.
23
Calculate the remainder when 576 is divided by 226.
124
What is the remainder when 1878 is divided by 9?
6
What is the remainder when 106 is divided by 14?
8
Calculate the remainder when 94 is divided by 69.
25
What is the remainder when 1511 is divided by 12?
11
What is the remainder when 203 is divided by 12?
11
What is the r